{"id":4335,"date":"2014-09-22T18:48:59","date_gmt":"2014-09-22T17:48:59","guid":{"rendered":"http:\/\/atelierfilippini.com\/wordpress\/?page_id=4335"},"modified":"2025-01-06T12:15:46","modified_gmt":"2025-01-06T11:15:46","slug":"maitrise-douvrage","status":"publish","type":"page","link":"https:\/\/atelierfilippini.com\/?page_id=4335","title":{"rendered":"MAITRISES D&#8217;OUVRAGE"},"content":{"rendered":"<div class=\"wpb_row row-fluid\">\n\t<div class=\"span8 wpb_column column_container\">\n\t\t<div class=\"wpb_wrapper\">\n\t\t\t\n\t<div class=\"wpb_text_column wpb_content_element \">\n\t\t<div class=\"wpb_wrapper\">\n\t\t\t\n<p><strong>\u00a0<\/strong><\/p>\n<p>Afin de r\u00e9pondre aux attentes de nos interlocuteurs, une disponibilit\u00e9 permanente nous permet d\u2019apporter des r\u00e9ponses rapides et adapt\u00e9es.<\/p>\n<p>Tous nos clients peuvent t\u00e9moigner de notre disponibilit\u00e9 et de notre engagement \u00e0 toutes les phases des op\u00e9rations<\/p>\n<p>&nbsp;<\/p>\n\n\t\t<\/div> \n\t<\/div> <div class=\"td_block_wrap td_text_with_title \"><div class=\"block-title\"><span><\/span><\/div><div class=\"td_block_inner\"><\/div><\/div>\n\t\t<\/div> \n\t<\/div> \n\n\t<div class=\"span4 wpb_column column_container\">\n\t\t<div class=\"wpb_wrapper\">\n\t\t\t\n\t\t<\/div> \n\t<\/div> \n<\/div>\n\n\n<h2 class=\"wp-block-heading\">FRANCE<\/h2>\n\n\n\n<ul class=\"wp-block-list\">\n<li>(27) Communaut\u00e9 d&#8217;Agglom\u00e9ration Seine et Eure<\/li>\n\n\n\n<li>(27) Ville de Val-de-Reuil<\/li>\n\n\n\n<li>(59) Ville de Loos<\/li>\n\n\n\n<li>(67) Ville d&#8217;Illkirch-Graffenstaden<\/li>\n\n\n\n<li>(75) Ville de Paris 12\u00e8me,13\u00e8me,19\u00e8me, 20\u00e8me<\/li>\n\n\n\n<li>(78) Ville de Saint-Germain en Laye <\/li>\n\n\n\n<li>(84) Ville de Gordes<\/li>\n\n\n\n<li>(91) Ville de Cerny<\/li>\n\n\n\n<li>(92) Ville d&#8217;Asni\u00e8res-sur-Seine<\/li>\n\n\n\n<li>(92) Ville de Nanterre<\/li>\n\n\n\n<li>(92) Ville de Fontenay-aux-Roses<\/li>\n\n\n\n<li>(92) Ville de Clichy<\/li>\n\n\n\n<li>(93) Ville de Bobigny<\/li>\n\n\n\n<li>(93) Ville de Montreuil<\/li>\n\n\n\n<li>(93) Ville Saint-Ouen<\/li>\n\n\n\n<li>(95) Ville de Bezons<\/li>\n<\/ul>\n\n\n\n<h2 class=\"wp-block-heading\">ITALIE<\/h2>\n\n\n\n<ul class=\"wp-block-list\">\n<li>Surintendance de Naples<\/li>\n\n\n\n<li>Surintendance de Florence<\/li>\n\n\n\n<li>Surintendance de Salerne<\/li>\n\n\n\n<li>Province de Benevento<\/li>\n\n\n\n<li>Ville d&#8217;Anacapri<\/li>\n\n\n\n<li>Ville de Pouzzoles<\/li>\n\n\n\n<li>Surintendance de Salerne<\/li>\n\n\n\n<li>Province de Benevento<\/li>\n<\/ul>\n\n\n\n<p><\/p>\n","protected":false},"excerpt":{"rendered":"<p>FRANCE ITALIE<\/p>\n","protected":false},"author":2,"featured_media":0,"parent":0,"menu_order":0,"comment_status":"closed","ping_status":"closed","template":"","meta":{"footnotes":""},"class_list":["post-4335","page","type-page","status-publish","hentry"],"_links":{"self":[{"href":"https:\/\/atelierfilippini.com\/index.php?rest_route=\/wp\/v2\/pages\/4335","targetHints":{"allow":["GET"]}}],"collection":[{"href":"https:\/\/atelierfilippini.com\/index.php?rest_route=\/wp\/v2\/pages"}],"about":[{"href":"https:\/\/atelierfilippini.com\/index.php?rest_route=\/wp\/v2\/types\/page"}],"author":[{"embeddable":true,"href":"https:\/\/atelierfilippini.com\/index.php?rest_route=\/wp\/v2\/users\/2"}],"replies":[{"embeddable":true,"href":"https:\/\/atelierfilippini.com\/index.php?rest_route=%2Fwp%2Fv2%2Fcomments&post=4335"}],"version-history":[{"count":18,"href":"https:\/\/atelierfilippini.com\/index.php?rest_route=\/wp\/v2\/pages\/4335\/revisions"}],"predecessor-version":[{"id":5643,"href":"https:\/\/atelierfilippini.com\/index.php?rest_route=\/wp\/v2\/pages\/4335\/revisions\/5643"}],"wp:attachment":[{"href":"https:\/\/atelierfilippini.com\/index.php?rest_route=%2Fwp%2Fv2%2Fmedia&parent=4335"}],"curies":[{"name":"wp","href":"https:\/\/api.w.org\/{rel}","templated":true}]}}